Let k = w - -49. What is the greatest common factor of u and k?
10
Let i(a) = -8*a + 157. Let s be i(14). Calculate the greatest common factor of s and 75.
15
Let r be 1/(-4)*2 + (-43)/(-2). Let m be r/14 - (-1)/((-2)/(-69)). What is the highest common factor of m and 24?
12
Suppose 0*s + 3*s - 18 = 0. Let d be (-4 - 1)*(-408)/340. What is the highest common divisor of d and s?
6
Let z(r) = -r**3 + 4*r**2 - 10*r + 22. Let i be z(3). What is the highest common factor of 47 and i?
1
Let d(n) = -n**3 - 4*n**2 + n + 8. Let q be d(-4). Let x = 13 + q. Suppose x = 2*b - 5. What is the highest common factor of 11 and b?
11
Let t be (12/2)/12*982 - 1. Calculate the greatest common factor of 105 and t.
35
Let f(m) = -m**2 + 7*m - 2. Let z be f(5). Let g = 384 - 380. Calculate the highest common divisor of z and g.
4
Suppose 4*q + 5 = -7. Let m be 7*q*18/(-21). Let n be ((-9)/(-81)*-3)/(2/(-108)). Calculate the greatest common divisor of n and m.
18
Let x(z) = 9*z - 2. Let f be (-14)/(-35) + (4/(-10) - -1). Let v be x(f). Calculate the highest common divisor of 35 and v.
7
Suppose 0 = -j + 4*l + 3, j + 5*l = 2*l + 10. Let b be 2 - (-92 + (-3 - -6)). What is the greatest common factor of j and b?
7
Let q = 72 + -37. Calculate the greatest common factor of 329 and q.
7
Suppose 8*t - 1426 + 338 = 0. Calculate the highest common factor of t and 102.
34
Let w(r) = r**2 + r - 1. Let h be w(1). Let z be (-1)/h - (1 + -2). Suppose z = -2*v + 26 + 16. Calculate the greatest common factor of v and 21.
21
Let f(x) = x + 9. Let v be f(-4). Let s = 3 + v. Let l be (12 + 20)*(-22)/(-8). What is the greatest common divisor of l and s?
8
Let f(o) = 27*o - 225. Let y be f(12). Let c = 12 - -15. Suppose -3*l = -6*l + c. What is the highest common divisor of y and l?
9
Suppose 0 = d + 2*t - 61, 5*d + 4*t + 0*t = 299. Suppose y + n = -n + 95, 2*y - n - 185 = 0. Let o = y - d. Calculate the highest common divisor of o and 85.
17
Suppose -q = -1, -3963 = -5*o - 2*q - q. Suppose 3*w - o = -66. What is the greatest common divisor of w and 22?
22
Let m = 351 + -270. What is the greatest common divisor of 1134 and m?
81
Suppose 0 = 4*a + 2*u - 110, 3*a - 15 = 2*a + 2*u. Calculate the greatest common divisor of 1 and a.
1
Let u be 1/((-2)/(-33))*46/69. Calculate the highest common divisor of u and 473.
11
Let j be 18/(-4)*(-28)/21. Let t be (j/(-5))/((-12)/330). What is the highest common divisor of t and 3?
3
Suppose -4*f + 5*h + 0*h = -290, f + h = 77. What is the greatest common divisor of f and 30?
15
Suppose 244 = -14*q - 50. Let t be ((-99)/q - 3)/(6/28). Let m = -1 - -2. What is the greatest common divisor of m and t?
1
Let r(o) = o**3 - o**2 - 3. Let h be r(0). Let d be 5/((-6)/h + -1). What is the greatest common factor of 40 and d?
5
Suppose 7*o + 154 = 14*o. Let c(p) = -p**3 + 21*p**2 + 22*p + 22. Let f be c(o). Calculate the greatest common divisor of f and 110.
22
Let b = 42 + -40. Suppose -b*d + 8 = 0, 0 = 3*a - 7*d + 2*d - 22. Calculate the highest common factor of a and 154.
14
Let s be ((-2392)/39)/((-14)/315). What is the highest common factor of 15 and s?
15
Let t(a) = 29*a - 6. Let q be t(2). Let y = q + 48. Calculate the greatest common factor of y and 40.
20
Suppose 5 = 5*b - z - 143, 2*b - 52 = 4*z. Let j = -3685 + 3695. What is the highest common factor of b and j?
10
Let r = -143 - -168. Calculate the greatest common divisor of 10 and r.
5
Let m be -137 + (2 - 2/2). Let p = m - -367. Calculate the highest common divisor of p and 21.
21
Let c(g) = 199*g**2 - 32*g - 137. Let d be c(-4). What is the highest common divisor of 127 and d?
127
Let w = -10 + -38. Let x = -28 - w. Let g(u) = 10*u**2 + u + 1. Let r be g(-1). Calculate the highest common divisor of r and x.
10
Suppose 21*g = 25*g + 20, 5*x - 5*g = 55. Calculate the greatest common divisor of 24 and x.
6
Let w be (-1 + 291)*6/(-12). Let v = 249 + w. What is the highest common factor of 13 and v?
13
Suppose -70*m - 1584 = -74*m. What is the highest common divisor of 36 and m?
36
Let m = -296 - -464. Calculate the highest common divisor of m and 40.
8
Let l = 941 + -889. Calculate the greatest common factor of 8 and l.
4
Let p be (-123)/((-16)/56 + (-13)/28). Suppose 0 = 4*u + 2*z - 242, -7*z + 2*z = 3*u - p. What is the greatest common divisor of u and 21?
21
Let k = 7 + -1. Let b(d) = d**2. Let m(p) = -p**3 + 4*p**2 + 16*p - 12. Let f(y) = b(y) + m(y). Let x be f(7). Calculate the greatest common factor of x and k.
2
Let i be 2*(100/8)/5. Suppose 2*j - 3*k - 8 = 0, 3*k + 2*k + 15 = i*j. Calculate the highest common factor of j and 3.
1
Let t(c) = 13*c**2 + 8*c - 6. Let k be t(-2). Let m be (-100)/15*(-6)/4. What is the highest common factor of m and k?
10
Let h(k) = k**3 - 5*k**2 - 3*k - 4. Let s be h(6). Let p(t) = -3*t + 41. Let g be p(9). What is the greatest common divisor of g and s?
14
Let h be 650/15*-12*9/(-20). Calculate the greatest common divisor of 54 and h.
18
Let z(b) = -b**3 - 2*b**2 - 11*b - 19. Let w be z(-5). Calculate the highest common divisor of 148 and w.
37
Let x = -58 - -138. Suppose 4*t - 45 = -l, 5*l = 4 - 19. Suppose -76 = -2*a - t. Calculate the greatest common factor of a and x.
16
Suppose -6*v - 7 - 5 = 0. Let d(c) = -c**3 + c**2 - 1. Let q be d(v). Calculate the greatest common divisor of 1 and q.
1
Suppose -119 = 4*y + 5*k - 535, y = 2*k + 91. Calculate the greatest common divisor of y and 825.
33
Let l be 2/(16/40)*(-12)/(-5). Let b be 417/12 + -3*(-1)/l. What is the greatest common factor of b and 7?
7
Suppose 3*r - 33 = -3*g, 4*r - 33 = r - g. What is the greatest common divisor of r and 275?
11
Let c = 2 + 17. Let t be (-288)/30 + (-6)/(-10). Let r(y) = -11*y - 4. Let z be r(t). What is the greatest common factor of c and z?
19
Suppose 5*m - k = m + 256, 0 = -m - 2*k + 64. Calculate the highest common factor of 304 and m.
16
Let h = 8 + -9. Let k be (27/6)/(h/(-2)). Let f(s) = -s**2 + 10*s + 14. Let r be f(11). What is the highest common divisor of k and r?
3
Let f be (-7 - -3 - 25/(-3))*21. What is the highest common factor of 416 and f?
13
Suppose -49 = -5*k + 2*h, -3*h = 3*k - 24 + 3. Suppose 0 = -10*l + 13*l - 27. Calculate the greatest common divisor of k and l.
9
Suppose -4*r = -5*j + 592, 13*r - 223 = -2*j + 10*r. Calculate the greatest common divisor of 319 and j.
29
Suppose -p + 11*n - 6*n + 26 = 0, 0 = 3*p - n - 8. Calculate the greatest common divisor of 3 and p.
1
Let c(s) = -124*s + 640. Let h be c(5). Suppose -2*z - u = 3*z - 52, -48 = -4*z - 4*u. What is the greatest common divisor of z and h?
10
Let w(y) = 4*y - 3. Let b be w(2). Suppose -2*v + 9 = -1. Suppose n - 4*t = 32, -n + 42 = -4*t + v*t. Calculate the highest common factor of b and n.
5
Suppose -5*s = 5*j - 430, -2*s = -3*j - 0*j - 167. What is the greatest common divisor of 2635 and s?
85
Let k(s) = -s**3 - 10*s**2 + 90*s + 919. Let u be k(-10). Suppose -2*l + 95 = 3*l. Calculate the highest common divisor of l and u.
19
Let x be ((-330)/8)/(12/(-32)). Suppose 5*s - 95 = -3*q, -4*q - 113 + 5 = -4*s. Calculate the highest common factor of s and x.
22
Let x be ((-2)/5)/((-8)/20). Let r be x + 0 + -2 + 3 - -28. Suppose -c - 4*c + 60 = 0. What is the highest common divisor of c and r?
6
Suppose 3*p - 62 = p. Let m = p - 22. Let q be 3/(-9) + 40/12. Calculate the greatest common divisor of q and m.
3
Let c be -2 + (45 - 0) - 4. Suppose 3*v - 6 = c. Calculate the highest common factor of v and 3.
3
Let z = 247 - 77. Calculate the highest common divisor of 80 and z.
10
Let p(m) = -m**2 - 12*m - 8. Let x be (330/(-45))/(1/(-3) + 1). Let t be p(x). Let n be ((-6)/4)/((-1)/10). What is the highest common divisor of t and n?
3
Let m(t) = 4*t + 20. Let r be m(-4). Let v be (-16)/(-4) - (0/r)/3. Calculate the highest common factor of v and 124.
4
Suppose 7*w = 4*k + 4*w - 786, 0 = -4*w + 8. What is the highest common divisor of 88 and k?
22
Suppose -w + 113 = -m + 5*m, -2*w + 2 = 0. What is the greatest common factor of m and 196?
28
Suppose 16 = 2*h - 184. Suppose 0*w = -4*w + h. Calculate the greatest common divisor of w and 75.
25
Let n(s) = s**3 - 4*s**2 - 6*s - 15. Let d be n(7). Let v = -95 + 230. Calculate the greatest common factor of d and v.
45
Let q be (-111 + 109)/((-10)/15). Let p(a) =